{"id":2366,"date":"2020-03-23T16:48:47","date_gmt":"2020-03-23T16:48:47","guid":{"rendered":"https:\/\/enisyucel.com\/photography\/iletisim-istanbul-fotograf-turlari\/"},"modified":"2025-09-21T11:49:22","modified_gmt":"2025-09-21T11:49:22","slug":"iletisim-istanbul-fotograf-turlari","status":"publish","type":"page","link":"https:\/\/enisyucel.com\/photography\/iletisim-istanbul-fotograf-turlari\/","title":{"rendered":"\u0130LET\u0130\u015e\u0130M"},"content":{"rendered":"\t\t<div data-elementor-type=\"wp-page\" data-elementor-id=\"2366\" class=\"elementor elementor-2366\" data-elementor-post-type=\"page\">\n\t\t\t\t\t\t<section class=\"elementor-section elementor-top-section elementor-element elementor-element-87f16be elementor-section-boxed elementor-section-height-default elementor-section-height-default\" data-id=\"87f16be\" data-element_type=\"section\">\n\t\t\t\t\t\t<div class=\"elementor-container elementor-column-gap-default\">\n\t\t\t\t\t<div class=\"elementor-column elementor-col-66 elementor-top-column elementor-element elementor-element-ca88dba\" data-id=\"ca88dba\" data-element_type=\"column\" data-settings=\"{&quot;background_background&quot;:&quot;classic&quot;}\">\n\t\t\t<div class=\"elementor-widget-wrap elementor-element-populated\">\n\t\t\t\t\t<div class=\"elementor-background-overlay\"><\/div>\n\t\t\t\t\t\t<div class=\"elementor-element elementor-element-07d4ce9 elementor-widget elementor-widget-spacer\" data-id=\"07d4ce9\" data-element_type=\"widget\" data-widget_type=\"spacer.default\">\n\t\t\t\t<div class=\"elementor-widget-container\">\n\t\t\t\t\t\t\t<div class=\"elementor-spacer\">\n\t\t\t<div class=\"elementor-spacer-inner\"><\/div>\n\t\t<\/div>\n\t\t\t\t\t\t<\/div>\n\t\t\t\t<\/div>\n\t\t\t\t\t<\/div>\n\t\t<\/div>\n\t\t\t\t<div class=\"elementor-column elementor-col-33 elementor-top-column elementor-element elementor-element-235b69d\" data-id=\"235b69d\" data-element_type=\"column\" data-settings=\"{&quot;background_background&quot;:&quot;classic&quot;}\">\n\t\t\t<div class=\"elementor-widget-wrap elementor-element-populated\">\n\t\t\t\t\t\t<div class=\"elementor-element elementor-element-6f24e1b elementor-widget-divider--view-line_text elementor-widget-divider--element-align-right elementor-widget elementor-widget-divider\" data-id=\"6f24e1b\" data-element_type=\"widget\" data-widget_type=\"divider.default\">\n\t\t\t\t<div class=\"elementor-widget-container\">\n\t\t\t\t\t\t\t<div class=\"elementor-divider\">\n\t\t\t<span class=\"elementor-divider-separator\">\n\t\t\t\t\t\t\t<span class=\"elementor-divider__text elementor-divider__element\">\n\t\t\t\t\u0130LET\u0130\u015e\u0130M\t\t\t\t<\/span>\n\t\t\t\t\t\t<\/span>\n\t\t<\/div>\n\t\t\t\t\t\t<\/div>\n\t\t\t\t<\/div>\n\t\t\t\t<div class=\"elementor-element elementor-element-1775439 elementor-widget elementor-widget-heading\" data-id=\"1775439\" data-element_type=\"widget\" data-widget_type=\"heading.default\">\n\t\t\t\t<div class=\"elementor-widget-container\">\n\t\t\t\t\t<h1 class=\"elementor-heading-title elementor-size-default\">\u0130lham, durduk yerde g\u00f6kten \u0130nmez...&nbsp;<\/h1>\t\t\t\t<\/div>\n\t\t\t\t<\/div>\n\t\t\t\t<div class=\"elementor-element elementor-element-8262f6f elementor-widget elementor-widget-text-editor\" data-id=\"8262f6f\" data-element_type=\"widget\" data-widget_type=\"text-editor.default\">\n\t\t\t\t<div class=\"elementor-widget-container\">\n\t\t\t\t\t\t\t\t\t<p>Ki\u015fisel ya da ticari profesyonel foto\u011fraf \u00e7ekimleri, foto\u011fraf workshoplar\u0131, foto\u011fraf gezileri ya da her t\u00fcrl\u00fc foto\u011fraf projeniz i\u00e7in a\u015fa\u011f\u0131da yer alan formu doldurarak ileti\u015fime ge\u00e7ebilirsiniz. Mesaj\u0131n\u0131z elime ula\u015f\u0131r ula\u015fmaz en k\u0131sa zamanda size yan\u0131t d\u00f6nmeye \u00e7al\u0131\u015faca\u011f\u0131mdan emin olabilirsiniz.<\/p>\n\t\t\t\t\t\t\t\t<\/div>\n\t\t\t\t<\/div>\n\t\t\t\t<div class=\"elementor-element elementor-element-90e97e2 elementor-button-align-center elementor-tablet-button-align-center animated-fast elementor-mobile-button-align-center elementor-invisible elementor-widget elementor-widget-form\" data-id=\"90e97e2\" data-element_type=\"widget\" data-settings=\"{&quot;step_next_label&quot;:&quot;Next&quot;,&quot;step_previous_label&quot;:&quot;Previous&quot;,&quot;_animation&quot;:&quot;fadeIn&quot;,&quot;button_width_tablet&quot;:&quot;100&quot;,&quot;step_type&quot;:&quot;none&quot;,&quot;step_icon_shape&quot;:&quot;none&quot;,&quot;button_width_mobile&quot;:&quot;100&quot;,&quot;_animation_tablet&quot;:&quot;none&quot;,&quot;button_width&quot;:&quot;100&quot;}\" data-widget_type=\"form.default\">\n\t\t\t\t<div class=\"elementor-widget-container\">\n\t\t\t\t\t\t\t<form class=\"elementor-form\" method=\"post\" name=\"\u0130letisim-Formu-Secim\" aria-label=\"\u0130letisim-Formu-Secim\">\n\t\t\t<input type=\"hidden\" name=\"post_id\" value=\"2366\"\/>\n\t\t\t<input type=\"hidden\" name=\"form_id\" value=\"90e97e2\"\/>\n\t\t\t<input type=\"hidden\" name=\"referer_title\" value=\"\" \/>\n\n\t\t\t\n\t\t\t<div class=\"elementor-form-fields-wrapper elementor-labels-\">\n\t\t\t\t\t\t\t\t<div class=\"elementor-field-type-text elementor-field-group elementor-column elementor-field-group-fname elementor-col-100\">\n\t\t\t\t\t\t\t\t\t\t\t\t<label for=\"form-field-fname\" class=\"elementor-field-label elementor-screen-only\">\n\t\t\t\t\t\t\t\t\u0130sim\t\t\t\t\t\t\t<\/label>\n\t\t\t\t\t\t\t\t\t\t\t\t\t\t<input size=\"1\" type=\"text\" name=\"form_fields[fname]\" id=\"form-field-fname\" class=\"elementor-field elementor-size-xs  elementor-field-textual\" placeholder=\"\u0130sminiz\">\n\t\t\t\t\t\t\t\t\t\t\t<\/div>\n\t\t\t\t\t\t\t\t<div class=\"elementor-field-type-text elementor-field-group elementor-column elementor-field-group-field_8d8070c elementor-col-100\">\n\t\t\t\t\t\t\t\t\t\t\t\t<label for=\"form-field-field_8d8070c\" class=\"elementor-field-label elementor-screen-only\">\n\t\t\t\t\t\t\t\tSoyad\t\t\t\t\t\t\t<\/label>\n\t\t\t\t\t\t\t\t\t\t\t\t\t\t<input size=\"1\" type=\"text\" name=\"form_fields[field_8d8070c]\" id=\"form-field-field_8d8070c\" class=\"elementor-field elementor-size-xs  elementor-field-textual\" placeholder=\"Soyad\u0131n\u0131z\">\n\t\t\t\t\t\t\t\t\t\t\t<\/div>\n\t\t\t\t\t\t\t\t<div class=\"elementor-field-type-email elementor-field-group elementor-column elementor-field-group-email elementor-col-100 elementor-field-required\">\n\t\t\t\t\t\t\t\t\t\t\t\t<label for=\"form-field-email\" class=\"elementor-field-label elementor-screen-only\">\n\t\t\t\t\t\t\t\tEmail\t\t\t\t\t\t\t<\/label>\n\t\t\t\t\t\t\t\t\t\t\t\t\t\t<input size=\"1\" type=\"email\" name=\"form_fields[email]\" id=\"form-field-email\" class=\"elementor-field elementor-size-xs  elementor-field-textual\" placeholder=\"E-posta adresinizi giriniz\" required=\"required\">\n\t\t\t\t\t\t\t\t\t\t\t<\/div>\n\t\t\t\t\t\t\t\t<div class=\"elementor-field-type-select elementor-field-group elementor-column elementor-field-group-field_interested_in elementor-col-100 elementor-field-required\">\n\t\t\t\t\t\t\t\t\t\t\t\t<label for=\"form-field-field_interested_in\" class=\"elementor-field-label elementor-screen-only\">\n\t\t\t\t\t\t\t\tKonu Ba\u015fl\u0131\u011f\u0131\t\t\t\t\t\t\t<\/label>\n\t\t\t\t\t\t\t\t<div class=\"elementor-field elementor-select-wrapper remove-before \">\n\t\t\t<div class=\"select-caret-down-wrapper\">\n\t\t\t\t<svg aria-hidden=\"true\" class=\"e-font-icon-svg e-eicon-caret-down\" viewBox=\"0 0 571.4 571.4\" xmlns=\"http:\/\/www.w3.org\/2000\/svg\"><path d=\"M571 393Q571 407 561 418L311 668Q300 679 286 679T261 668L11 418Q0 407 0 393T11 368 36 357H536Q550 357 561 368T571 393Z\"><\/path><\/svg>\t\t\t<\/div>\n\t\t\t<select name=\"form_fields[field_interested_in]\" id=\"form-field-field_interested_in\" class=\"elementor-field-textual elementor-size-xs\" required=\"required\">\n\t\t\t\t\t\t\t\t\t<option value=\"L\u00fctfen bir konu se\u00e7iniz\">L\u00fctfen bir konu se\u00e7iniz<\/option>\n\t\t\t\t\t\t\t\t\t<option value=\"fconsultation\">\u00dcCRETS\u0130Z \u00d6N G\u00d6R\u00dc\u015eME<\/option>\n\t\t\t\t\t\t\t\t\t<option value=\"assignment\">FOTO\u011eRAF \u00c7EK\u0130M\u0130 - FOTO\u011eRAF PROJES\u0130<\/option>\n\t\t\t\t\t\t\t\t\t<option value=\"daily_ist_tour\">ISTANBUL FOTO\u011eRAF TURU<\/option>\n\t\t\t\t\t\t\t\t\t<option value=\"private_lessons\">\u00d6ZEL FOTO\u011eRAF DERSLER\u0130<\/option>\n\t\t\t\t\t\t\t\t\t<option value=\"portfolio_review\">ONLINE PORTF\u00d6Y DE\u011eERLEND\u0130RME<\/option>\n\t\t\t\t\t\t\t\t\t<option value=\"project_review\">ONLINE PROJE DANI\u015eMANLI\u011eI<\/option>\n\t\t\t\t\t\t\t\t\t<option value=\"gift\">HED\u0130YE ET<\/option>\n\t\t\t\t\t\t\t<\/select>\n\t\t<\/div>\n\t\t\t\t\t\t<\/div>\n\t\t\t\t\t\t\t\t<div class=\"elementor-field-type-textarea elementor-field-group elementor-column elementor-field-group-field_70f665f elementor-col-100\">\n\t\t\t\t\t\t\t\t\t\t\t\t<label for=\"form-field-field_70f665f\" class=\"elementor-field-label elementor-screen-only\">\n\t\t\t\t\t\t\t\tMesaj\u0131n\u0131z \t\t\t\t\t\t\t<\/label>\n\t\t\t\t\t\t<textarea class=\"elementor-field-textual elementor-field  elementor-size-xs\" name=\"form_fields[field_70f665f]\" id=\"form-field-field_70f665f\" rows=\"4\" placeholder=\"Mesaj\u0131n\u0131z\"><\/textarea>\t\t\t\t<\/div>\n\t\t\t\t\t\t\t\t<div class=\"elementor-field-type-recaptcha_v3 elementor-field-group elementor-column elementor-field-group-field_ec4538b elementor-col-100 recaptcha_v3-bottomright\">\n\t\t\t\t\t<div class=\"elementor-field\" id=\"form-field-field_ec4538b\"><div class=\"elementor-g-recaptcha\" data-sitekey=\"6Lcw2dsUAAAAAANbKwPMHADTvGTX_kP5jNZbDiS9\" data-type=\"v3\" data-action=\"Form\" data-badge=\"bottomright\" data-size=\"invisible\"><\/div><\/div>\t\t\t\t<\/div>\n\t\t\t\t\t\t\t\t<div class=\"elementor-field-group elementor-column elementor-field-type-submit elementor-col-100 e-form__buttons elementor-md-100 elementor-sm-100\">\n\t\t\t\t\t<button class=\"elementor-button elementor-size-sm\" type=\"submit\">\n\t\t\t\t\t\t<span class=\"elementor-button-content-wrapper\">\n\t\t\t\t\t\t\t\t\t\t\t\t\t\t\t<span class=\"elementor-button-icon\">\n\t\t\t\t\t\t\t\t\t<svg xmlns=\"http:\/\/www.w3.org\/2000\/svg\" id=\"b385ca18-4b85-46d4-bb4b-571c73a19812\" data-name=\"b922a425-e5e0-4ef1-881c-5748460fd139\" viewBox=\"0 0 30.125 18.1738\"><title>arrow-icon-size3<\/title><path d=\"M29.75,9.3948,21.5281,1.1735a.8479.8479,0,0,0-.601-.261L20.9124.9119a.8526.8526,0,0,0-.5956.2409.8642.8642,0,0,0-.0027,1.23l6.7618,6.7611H.7316a.8566.8566,0,1,0,0,1.7131H27.0759l-6.7591,6.7591a.8576.8576,0,0,0-.0214,1.2113.8462.8462,0,0,0,.61.2583.8949.8949,0,0,0,.621-.2556l8.2233-8.224A.8587.8587,0,0,0,29.75,9.3948Z\" transform=\"translate(0.125 -0.9119)\"><\/path><\/svg>\t\t\t\t\t\t\t\t\t\t\t\t\t\t\t\t\t<\/span>\n\t\t\t\t\t\t\t\t\t\t\t\t\t\t\t\t\t\t\t\t\t\t<span class=\"elementor-button-text\">mesaj g\u00f6nder <\/span>\n\t\t\t\t\t\t\t\t\t\t\t\t\t<\/span>\n\t\t\t\t\t<\/button>\n\t\t\t\t<\/div>\n\t\t\t<\/div>\n\t\t<\/form>\n\t\t\t\t\t\t<\/div>\n\t\t\t\t<\/div>\n\t\t\t\t\t<\/div>\n\t\t<\/div>\n\t\t\t\t\t<\/div>\n\t\t<\/section>\n\t\t\t\t<\/div>\n\t\t","protected":false},"excerpt":{"rendered":"<p>\u0130LET\u0130\u015e\u0130M \u0130lham, durduk yerde g\u00f6kten \u0130nmez&#8230;&nbsp; Ki\u015fisel ya da ticari profesyonel foto\u011fraf \u00e7ekimleri, foto\u011fraf workshoplar\u0131, foto\u011fraf gezileri ya da her t\u00fcrl\u00fc foto\u011fraf projeniz i\u00e7in a\u015fa\u011f\u0131da yer alan formu doldurarak ileti\u015fime ge\u00e7ebilirsiniz. Mesaj\u0131n\u0131z elime ula\u015f\u0131r ula\u015fmaz en k\u0131sa zamanda size yan\u0131t d\u00f6nmeye \u00e7al\u0131\u015faca\u011f\u0131mdan emin olabilirsiniz.<\/p>\n","protected":false},"author":1,"featured_media":0,"parent":0,"menu_order":200004,"comment_status":"closed","ping_status":"closed","template":"","meta":{"_acf_changed":false,"footnotes":""},"badge":[],"photo_activity_type":[],"photo_tour_type":[],"workshop_locations":[],"class_list":["post-2366","page","type-page","status-publish","hentry"],"acf":[],"_links":{"self":[{"href":"https:\/\/enisyucel.com\/photography\/wp-json\/wp\/v2\/pages\/2366","targetHints":{"allow":["GET"]}}],"collection":[{"href":"https:\/\/enisyucel.com\/photography\/wp-json\/wp\/v2\/pages"}],"about":[{"href":"https:\/\/enisyucel.com\/photography\/wp-json\/wp\/v2\/types\/page"}],"author":[{"embeddable":true,"href":"https:\/\/enisyucel.com\/photography\/wp-json\/wp\/v2\/users\/1"}],"replies":[{"embeddable":true,"href":"https:\/\/enisyucel.com\/photography\/wp-json\/wp\/v2\/comments?post=2366"}],"version-history":[{"count":0,"href":"https:\/\/enisyucel.com\/photography\/wp-json\/wp\/v2\/pages\/2366\/revisions"}],"wp:attachment":[{"href":"https:\/\/enisyucel.com\/photography\/wp-json\/wp\/v2\/media?parent=2366"}],"wp:term":[{"taxonomy":"badge","embeddable":true,"href":"https:\/\/enisyucel.com\/photography\/wp-json\/wp\/v2\/badge?post=2366"},{"taxonomy":"photo_activity_type","embeddable":true,"href":"https:\/\/enisyucel.com\/photography\/wp-json\/wp\/v2\/photo_activity_type?post=2366"},{"taxonomy":"photo_tour_type","embeddable":true,"href":"https:\/\/enisyucel.com\/photography\/wp-json\/wp\/v2\/photo_tour_type?post=2366"},{"taxonomy":"workshop_locations","embeddable":true,"href":"https:\/\/enisyucel.com\/photography\/wp-json\/wp\/v2\/workshop_locations?post=2366"}],"curies":[{"name":"wp","href":"https:\/\/api.w.org\/{rel}","templated":true}]}}