{"id":18058,"date":"2022-02-09T22:25:52","date_gmt":"2022-02-09T22:25:52","guid":{"rendered":"https:\/\/enisyucel.com\/photography\/mailchimp-mail-list-sign-up-form-for-admin-tr\/"},"modified":"2025-09-21T11:49:47","modified_gmt":"2025-09-21T11:49:47","slug":"ebulten-kaydol","status":"publish","type":"page","link":"https:\/\/enisyucel.com\/photography\/ebulten-kaydol\/","title":{"rendered":"E-b\u00fclten Kayd\u0131 &#8211; Orient Exposures Mektuplar\u0131, Enis Y\u00fccel Photography"},"content":{"rendered":"\t\t<div data-elementor-type=\"wp-page\" data-elementor-id=\"18058\" class=\"elementor elementor-18058\" data-elementor-post-type=\"page\">\n\t\t\t\t\t\t<header class=\"elementor-section elementor-top-section elementor-element elementor-element-16b159d elementor-section-boxed elementor-section-height-default elementor-section-height-default\" data-id=\"16b159d\" data-element_type=\"section\" data-settings=\"{&quot;background_background&quot;:&quot;classic&quot;}\">\n\t\t\t\t\t\t\t<div class=\"elementor-background-overlay\"><\/div>\n\t\t\t\t\t\t\t<div class=\"elementor-container elementor-column-gap-no\">\n\t\t\t\t\t<div class=\"elementor-column elementor-col-25 elementor-top-column elementor-element elementor-element-44f82e2\" data-id=\"44f82e2\" data-element_type=\"column\" data-settings=\"{&quot;background_background&quot;:&quot;classic&quot;}\">\n\t\t\t<div class=\"elementor-widget-wrap elementor-element-populated\">\n\t\t\t\t\t\t<div class=\"elementor-element elementor-element-dc84dfe elementor-widget elementor-widget-image\" data-id=\"dc84dfe\" data-element_type=\"widget\" data-widget_type=\"image.default\">\n\t\t\t\t<div class=\"elementor-widget-container\">\n\t\t\t\t\t\t\t\t\t\t\t\t\t\t\t\t<a href=\"https:\/\/enisyucel.com\/photography\">\n\t\t\t\t\t\t\t<img fetchpriority=\"high\" decoding=\"async\" width=\"1024\" height=\"1024\" src=\"https:\/\/enisyucel.com\/photography\/wp-content\/uploads\/enislogo-main-blackmaroon.svg\" class=\"attachment-large size-large wp-image-11393\" alt=\"Enis Y\u00fccel Foto\u011fraf\u00e7\u0131\" srcset=\"https:\/\/enisyucel.com\/photography\/wp-content\/uploads\/\/enislogo-main-blackmaroon.svg 150w, https:\/\/enisyucel.com\/photography\/wp-content\/uploads\/\/enislogo-main-blackmaroon.svg 300w, https:\/\/enisyucel.com\/photography\/wp-content\/uploads\/\/enislogo-main-blackmaroon.svg 1024w, https:\/\/enisyucel.com\/photography\/wp-content\/uploads\/\/enislogo-main-blackmaroon.svg 1536w, https:\/\/enisyucel.com\/photography\/wp-content\/uploads\/\/enislogo-main-blackmaroon.svg 2048w\" sizes=\"(max-width: 1024px) 100vw, 1024px\" title=\"Enis Y\u00fccel, Photographer, Photography Tours and Photo Workshops\">\t\t\t\t\t\t\t\t<\/a>\n\t\t\t\t\t\t\t\t\t\t\t\t\t\t\t<\/div>\n\t\t\t\t<\/div>\n\t\t\t\t\t<\/div>\n\t\t<\/div>\n\t\t\t\t<div class=\"elementor-column elementor-col-25 elementor-top-column elementor-element elementor-element-945d9e1 elementor-hidden-tablet elementor-hidden-phone\" data-id=\"945d9e1\" data-element_type=\"column\" data-settings=\"{&quot;background_background&quot;:&quot;classic&quot;}\">\n\t\t\t<div class=\"elementor-widget-wrap elementor-element-populated\">\n\t\t\t\t\t<div class=\"elementor-background-overlay\"><\/div>\n\t\t\t\t\t\t<div class=\"elementor-element elementor-element-aa76e1c elementor-nav-menu__align-end elementor-hidden-tablet elementor-hidden-phone elementor-nav-menu--dropdown-tablet elementor-nav-menu__text-align-aside elementor-nav-menu--toggle elementor-nav-menu--burger elementor-widget elementor-widget-nav-menu\" data-id=\"aa76e1c\" data-element_type=\"widget\" data-settings=\"{&quot;layout&quot;:&quot;horizontal&quot;,&quot;submenu_icon&quot;:{&quot;value&quot;:&quot;&lt;svg aria-hidden=\\&quot;true\\&quot; class=\\&quot;e-font-icon-svg e-fas-caret-down\\&quot; viewBox=\\&quot;0 0 320 512\\&quot; xmlns=\\&quot;http:\\\/\\\/www.w3.org\\\/2000\\\/svg\\&quot;&gt;&lt;path d=\\&quot;M31.3 192h257.3c17.8 0 26.7 21.5 14.1 34.1L174.1 354.8c-7.8 7.8-20.5 7.8-28.3 0L17.2 226.1C4.6 213.5 13.5 192 31.3 192z\\&quot;&gt;&lt;\\\/path&gt;&lt;\\\/svg&gt;&quot;,&quot;library&quot;:&quot;fa-solid&quot;},&quot;toggle&quot;:&quot;burger&quot;}\" data-widget_type=\"nav-menu.default\">\n\t\t\t\t<div class=\"elementor-widget-container\">\n\t\t\t\t\t\t\t\t<nav aria-label=\"Menu\" class=\"elementor-nav-menu--main elementor-nav-menu__container elementor-nav-menu--layout-horizontal e--pointer-none\">\n\t\t\t\t<ul id=\"menu-1-aa76e1c\" class=\"elementor-nav-menu\"><li class=\"menu-item menu-item-type-custom menu-item-object-custom menu-item-has-children menu-item-3877\"><a href=\"https:\/\/enisyucel.myportfolio.com\/artist-portraits-enis-yucel-photography\" class=\"elementor-item\" target=\"_blank\" rel=\"noopener\">Portraits<\/a>\n<ul class=\"sub-menu elementor-nav-menu--dropdown\">\n\t<li class=\"menu-item menu-item-type-custom menu-item-object-custom menu-item-26466\"><a href=\"#\" class=\"elementor-sub-item elementor-item-anchor\">Social Circus<\/a><\/li>\n<\/ul>\n<\/li>\n<li class=\"menu-item menu-item-type-custom menu-item-object-custom menu-item-4010\"><a href=\"https:\/\/enisyucel.myportfolio.com\/humnaitarian-photography-istanbul-photo-tours\" class=\"elementor-item\" target=\"_blank\" rel=\"noopener\">Humanitarian<\/a><\/li>\n<li class=\"tamEkranMenu menu-item menu-item-type-custom menu-item-object-custom menu-item-17875\"><a href=\"https:\/\/enisyucel.myportfolio.com\/work\" class=\"elementor-item\" target=\"_blank\" rel=\"noopener\">Stories \/ Projects<\/a><\/li>\n<li class=\"tamEkranMenu menu-item menu-item-type-custom menu-item-object-custom menu-item-3879\"><a target=\"_blank\" href=\"https:\/\/enisyucel.myportfolio.com\/travel-landscapes-enis-yucel-photography\" title=\"Landscape Photographs &#8211; Professional Photographer Enis Y\u00fccel\" class=\"elementor-item\" rel=\"noopener\">Travel &#038; Land<\/a><\/li>\n<li class=\"menu-item menu-item-type-post_type menu-item-object-page menu-item-25783\"><a target=\"_blank\" href=\"https:\/\/enisyucel.com\/photography\/istanbul-photo-tours\/\" title=\"Photography, Workshops, Photo Tours and Photo Trips \" class=\"elementor-item\">Workshops &#038; Tours<\/a><\/li>\n<\/ul>\t\t\t<\/nav>\n\t\t\t\t\t<div class=\"elementor-menu-toggle\" role=\"button\" tabindex=\"0\" aria-label=\"Menu Toggle\" aria-expanded=\"false\">\n\t\t\t<svg aria-hidden=\"true\" role=\"presentation\" class=\"elementor-menu-toggle__icon--open e-font-icon-svg e-eicon-menu-bar\" viewBox=\"0 0 1000 1000\" xmlns=\"http:\/\/www.w3.org\/2000\/svg\"><path d=\"M104 333H896C929 333 958 304 958 271S929 208 896 208H104C71 208 42 237 42 271S71 333 104 333ZM104 583H896C929 583 958 554 958 521S929 458 896 458H104C71 458 42 487 42 521S71 583 104 583ZM104 833H896C929 833 958 804 958 771S929 708 896 708H104C71 708 42 737 42 771S71 833 104 833Z\"><\/path><\/svg><svg aria-hidden=\"true\" role=\"presentation\" class=\"elementor-menu-toggle__icon--close e-font-icon-svg e-eicon-close\" viewBox=\"0 0 1000 1000\" xmlns=\"http:\/\/www.w3.org\/2000\/svg\"><path d=\"M742 167L500 408 258 167C246 154 233 150 217 150 196 150 179 158 167 167 154 179 150 196 150 212 150 229 154 242 171 254L408 500 167 742C138 771 138 800 167 829 196 858 225 858 254 829L496 587 738 829C750 842 767 846 783 846 800 846 817 842 829 829 842 817 846 804 846 783 846 767 842 750 829 737L588 500 833 258C863 229 863 200 833 171 804 137 775 137 742 167Z\"><\/path><\/svg>\t\t<\/div>\n\t\t\t\t\t<nav class=\"elementor-nav-menu--dropdown elementor-nav-menu__container\" aria-hidden=\"true\">\n\t\t\t\t<ul id=\"menu-2-aa76e1c\" class=\"elementor-nav-menu\"><li class=\"menu-item menu-item-type-custom menu-item-object-custom menu-item-has-children menu-item-3877\"><a href=\"https:\/\/enisyucel.myportfolio.com\/artist-portraits-enis-yucel-photography\" class=\"elementor-item\" tabindex=\"-1\" target=\"_blank\" rel=\"noopener\">Portraits<\/a>\n<ul class=\"sub-menu elementor-nav-menu--dropdown\">\n\t<li class=\"menu-item menu-item-type-custom menu-item-object-custom menu-item-26466\"><a href=\"#\" class=\"elementor-sub-item elementor-item-anchor\" tabindex=\"-1\">Social Circus<\/a><\/li>\n<\/ul>\n<\/li>\n<li class=\"menu-item menu-item-type-custom menu-item-object-custom menu-item-4010\"><a href=\"https:\/\/enisyucel.myportfolio.com\/humnaitarian-photography-istanbul-photo-tours\" class=\"elementor-item\" tabindex=\"-1\" target=\"_blank\" rel=\"noopener\">Humanitarian<\/a><\/li>\n<li class=\"tamEkranMenu menu-item menu-item-type-custom menu-item-object-custom menu-item-17875\"><a href=\"https:\/\/enisyucel.myportfolio.com\/work\" class=\"elementor-item\" tabindex=\"-1\" target=\"_blank\" rel=\"noopener\">Stories \/ Projects<\/a><\/li>\n<li class=\"tamEkranMenu menu-item menu-item-type-custom menu-item-object-custom menu-item-3879\"><a target=\"_blank\" href=\"https:\/\/enisyucel.myportfolio.com\/travel-landscapes-enis-yucel-photography\" title=\"Landscape Photographs &#8211; Professional Photographer Enis Y\u00fccel\" class=\"elementor-item\" tabindex=\"-1\" rel=\"noopener\">Travel &#038; Land<\/a><\/li>\n<li class=\"menu-item menu-item-type-post_type menu-item-object-page menu-item-25783\"><a target=\"_blank\" href=\"https:\/\/enisyucel.com\/photography\/istanbul-photo-tours\/\" title=\"Photography, Workshops, Photo Tours and Photo Trips \" class=\"elementor-item\" tabindex=\"-1\">Workshops &#038; Tours<\/a><\/li>\n<\/ul>\t\t\t<\/nav>\n\t\t\t\t\t\t<\/div>\n\t\t\t\t<\/div>\n\t\t\t\t\t<\/div>\n\t\t<\/div>\n\t\t\t\t<div class=\"elementor-column elementor-col-25 elementor-top-column elementor-element elementor-element-c1bb23f elementor-hidden-tablet elementor-hidden-phone\" data-id=\"c1bb23f\" data-element_type=\"column\" data-settings=\"{&quot;background_background&quot;:&quot;classic&quot;}\">\n\t\t\t<div class=\"elementor-widget-wrap elementor-element-populated\">\n\t\t\t\t\t\t<div class=\"elementor-element elementor-element-8da36fc elementor-widget elementor-widget-image\" data-id=\"8da36fc\" data-element_type=\"widget\" data-widget_type=\"image.default\">\n\t\t\t\t<div class=\"elementor-widget-container\">\n\t\t\t\t\t\t\t\t\t\t\t\t\t\t\t\t<a href=\"#elementor-action%3Aaction%3Dpopup%3Aopen%26settings%3DeyJpZCI6IjE3ODMyIiwidG9nZ2xlIjpmYWxzZX0%3D\">\n\t\t\t\t\t\t\t<img decoding=\"async\" width=\"96\" height=\"96\" src=\"https:\/\/enisyucel.com\/photography\/wp-content\/uploads\/hamb-menu-black-35.svg\" class=\"attachment-thumbnail size-thumbnail wp-image-9020\" alt=\"\" srcset=\"https:\/\/enisyucel.com\/photography\/wp-content\/uploads\/\/hamb-menu-black-35.svg 150w, https:\/\/enisyucel.com\/photography\/wp-content\/uploads\/\/hamb-menu-black-35.svg 300w, https:\/\/enisyucel.com\/photography\/wp-content\/uploads\/\/hamb-menu-black-35.svg 1024w, https:\/\/enisyucel.com\/photography\/wp-content\/uploads\/\/hamb-menu-black-35.svg 1536w, https:\/\/enisyucel.com\/photography\/wp-content\/uploads\/\/hamb-menu-black-35.svg 2048w\" sizes=\"(max-width: 96px) 100vw, 96px\" title=\"Enis Y\u00fccel, Photographer, Photography Tours and Photo Workshops\">\t\t\t\t\t\t\t\t<\/a>\n\t\t\t\t\t\t\t\t\t\t\t\t\t\t\t<\/div>\n\t\t\t\t<\/div>\n\t\t\t\t\t<\/div>\n\t\t<\/div>\n\t\t\t\t<div class=\"elementor-column elementor-col-25 elementor-top-column elementor-element elementor-element-b41a1bf elementor-hidden-desktop\" data-id=\"b41a1bf\" data-element_type=\"column\" data-settings=\"{&quot;background_background&quot;:&quot;classic&quot;}\">\n\t\t\t<div class=\"elementor-widget-wrap elementor-element-populated\">\n\t\t\t\t\t\t<div class=\"elementor-element elementor-element-ab23712 elementor-widget elementor-widget-image\" data-id=\"ab23712\" data-element_type=\"widget\" data-widget_type=\"image.default\">\n\t\t\t\t<div class=\"elementor-widget-container\">\n\t\t\t\t\t\t\t\t\t\t\t\t\t\t\t\t<a href=\"#elementor-action%3Aaction%3Dpopup%3Aopen%26settings%3DeyJpZCI6IjUzOTEiLCJ0b2dnbGUiOmZhbHNlfQ%3D%3D\">\n\t\t\t\t\t\t\t<img decoding=\"async\" width=\"96\" height=\"96\" src=\"https:\/\/enisyucel.com\/photography\/wp-content\/uploads\/hamb-menu-black-35.svg\" class=\"attachment-thumbnail size-thumbnail wp-image-9020\" alt=\"\" srcset=\"https:\/\/enisyucel.com\/photography\/wp-content\/uploads\/\/hamb-menu-black-35.svg 150w, https:\/\/enisyucel.com\/photography\/wp-content\/uploads\/\/hamb-menu-black-35.svg 300w, https:\/\/enisyucel.com\/photography\/wp-content\/uploads\/\/hamb-menu-black-35.svg 1024w, https:\/\/enisyucel.com\/photography\/wp-content\/uploads\/\/hamb-menu-black-35.svg 1536w, https:\/\/enisyucel.com\/photography\/wp-content\/uploads\/\/hamb-menu-black-35.svg 2048w\" sizes=\"(max-width: 96px) 100vw, 96px\" title=\"Enis Y\u00fccel, Photographer, Photography Tours and Photo Workshops\">\t\t\t\t\t\t\t\t<\/a>\n\t\t\t\t\t\t\t\t\t\t\t\t\t\t\t<\/div>\n\t\t\t\t<\/div>\n\t\t\t\t\t<\/div>\n\t\t<\/div>\n\t\t\t\t\t<\/div>\n\t\t<\/header>\n\t\t\t\t<section class=\"elementor-section elementor-top-section elementor-element elementor-element-a07a383 elementor-section-boxed elementor-section-height-default elementor-section-height-default\" data-id=\"a07a383\" data-element_type=\"section\">\n\t\t\t\t\t\t<div class=\"elementor-container elementor-column-gap-default\">\n\t\t\t\t\t<div class=\"elementor-column elementor-col-100 elementor-top-column elementor-element elementor-element-3787cd2\" data-id=\"3787cd2\" data-element_type=\"column\">\n\t\t\t<div class=\"elementor-widget-wrap elementor-element-populated\">\n\t\t\t\t\t\t<div class=\"elementor-element elementor-element-dc11be9 elementor-widget elementor-widget-heading\" data-id=\"dc11be9\" data-element_type=\"widget\" data-widget_type=\"heading.default\">\n\t\t\t\t<div class=\"elementor-widget-container\">\n\t\t\t\t\t<h2 class=\"elementor-heading-title elementor-size-default\">Orient Exposures Mektuplar\u0131<\/h2>\t\t\t\t<\/div>\n\t\t\t\t<\/div>\n\t\t\t\t<div class=\"elementor-element elementor-element-f7f8ad6 elementor-widget elementor-widget-text-editor\" data-id=\"f7f8ad6\" data-element_type=\"widget\" data-widget_type=\"text-editor.default\">\n\t\t\t\t<div class=\"elementor-widget-container\">\n\t\t\t\t\t\t\t\t\t<p>Foto\u011fraf\u00e7\u0131l\u0131k becerilerinizi geli\u015ftirmek, foto\u011fraf\u00e7\u0131l\u0131k teknikleri, foto\u011fraf d\u00fczenleme\/foto\u011fraf i\u015fleme, ipu\u00e7lar\u0131 ve p\u00fcf noktalar\u0131 ve \u00e7ok daha fazlas\u0131 hakk\u0131nda faydal\u0131 ayr\u0131nt\u0131l\u0131 bilgiler sa\u011flayan bir\u00e7ok konuyu kapsayan ve d\u00fczenli olarak g\u00f6nderilecek Orient Expsoures Mektuplar\u0131&#8217;na kaydolun.<\/p>\n\t\t\t\t\t\t\t\t<\/div>\n\t\t\t\t<\/div>\n\t\t\t\t<div class=\"elementor-element elementor-element-9256163 elementor-widget-divider--view-line elementor-widget elementor-widget-divider\" data-id=\"9256163\" data-element_type=\"widget\" data-widget_type=\"divider.default\">\n\t\t\t\t<div class=\"elementor-widget-container\">\n\t\t\t\t\t\t\t<div class=\"elementor-divider\">\n\t\t\t<span class=\"elementor-divider-separator\">\n\t\t\t\t\t\t<\/span>\n\t\t<\/div>\n\t\t\t\t\t\t<\/div>\n\t\t\t\t<\/div>\n\t\t\t\t\t<\/div>\n\t\t<\/div>\n\t\t\t\t\t<\/div>\n\t\t<\/section>\n\t\t\t\t<section class=\"elementor-section elementor-top-section elementor-element elementor-element-06a35a7 elementor-reverse-mobile elementor-section-boxed elementor-section-height-default elementor-section-height-default\" data-id=\"06a35a7\" data-element_type=\"section\">\n\t\t\t\t\t\t<div class=\"elementor-container elementor-column-gap-default\">\n\t\t\t\t\t<div class=\"elementor-column elementor-col-33 elementor-top-column elementor-element elementor-element-7c71193\" data-id=\"7c71193\" data-element_type=\"column\">\n\t\t\t<div class=\"elementor-widget-wrap elementor-element-populated\">\n\t\t\t\t\t\t<div class=\"elementor-element elementor-element-60b5b42 elementor-widget elementor-widget-spacer\" data-id=\"60b5b42\" data-element_type=\"widget\" data-widget_type=\"spacer.default\">\n\t\t\t\t<div class=\"elementor-widget-container\">\n\t\t\t\t\t\t\t<div class=\"elementor-spacer\">\n\t\t\t<div class=\"elementor-spacer-inner\"><\/div>\n\t\t<\/div>\n\t\t\t\t\t\t<\/div>\n\t\t\t\t<\/div>\n\t\t\t\t\t<\/div>\n\t\t<\/div>\n\t\t\t\t<div class=\"elementor-column elementor-col-33 elementor-top-column elementor-element elementor-element-7300a16\" data-id=\"7300a16\" data-element_type=\"column\">\n\t\t\t<div class=\"elementor-widget-wrap elementor-element-populated\">\n\t\t\t\t\t\t<div class=\"elementor-element elementor-element-4d525a6 elementor-widget elementor-widget-html\" data-id=\"4d525a6\" data-element_type=\"widget\" data-widget_type=\"html.default\">\n\t\t\t\t<div class=\"elementor-widget-container\">\n\t\t\t\t\t<!-- Begin Mailchimp Signup Form -->\n<link href=\"\/\/cdn-images.mailchimp.com\/embedcode\/classic-10_7_dtp.css\" rel=\"stylesheet\" type=\"text\/css\">\n<style type=\"text\/css\">\n\t#mc_embed_signup{background:#fff; clear:left; font:14px 'Jost',Helvetica,Arial,sans-serif;  width:90%; Margin: auto}\n\n\t#mc_embed_signup #mc-embedded-subscribe-form div.mce_inline_error{color:#d3165a!important;}\n    div.mc-field-group select {border: 1px solid #a2a2a2;}\n    input.mce_inline_error{ border-color:#d3165a!important;}\n\t.asterisk {color:#d3165a!important;}\n\t.response{color:#141414!important; font-weight:200!important; font-style:normal!important; \n\tfont:'Jost',Helvetica,Arial,sans-serif; font:16px!important; padding-bottom:1em!important;width:100%!important;}\n     input.button {background-color:#141414!important;}\n     input.button:hover {background-color:#414141!important; }\n\t.brandingLogo{padding-top:30px!\n\timportant;}\n\t\/* Add your own Mailchimp form style overrides in your site stylesheet or in this style block.\n\t   We recommend moving this block and the preceding CSS link to the HEAD of your HTML file. *\/\n\t   \n<\/style>\n<div id=\"mc_embed_signup\" class:=\"\">\n<form action=\"https:\/\/enisyucel.us4.list-manage.com\/subscribe\/post?u=fbaf4adffe352f22294406d83&amp;id=d89e7b976a\" method=\"post\" id=\"mc-embedded-subscribe-form\" name=\"mc-embedded-subscribe-form\" class=\"validate\" target=\"_blank\" novalidate=\"\">\n    <div id=\"mc_embed_signup_scroll\">\n\t\n<div class=\"indicates-required\"><span class=\"asterisk\">*<\/span> doldurulmas\u0131 zorunlu alanlar<\/div>\n<div class=\"mc-field-group\">\n\t<label for=\"mce-EMAIL\">Eposta Adresi <span class=\"asterisk\">*<\/span>\n<\/label>\n\t<input type=\"email\" value=\"\" name=\"EMAIL\" class=\"required email\" id=\"mce-EMAIL\">\n<\/div>\n<div class=\"mc-field-group\">\n\t<label for=\"mce-FNAME\">\u0130sminizi giriniz <\/label>\n\t<input type=\"text\" value=\"\" name=\"FNAME\" class=\"\" id=\"mce-FNAME\">\n<\/div>\n\n<div class=\"mc-field-group\">\n\t<label for=\"mce-MMERGE4\">Kendinizi a\u015fa\u011f\u0131dakilerden hangisi olarak ifade edersiniz... <\/label>\n\t<select name=\"MMERGE4\" class=\"\" id=\"mce-MMERGE4\">\n\t<option value=\"\"><\/option>\n\t<option value=\"Absolute Beginner\">Tamamen Acemi<\/option>\n<option value=\"Amateur Enthusiast \/ Hobbyist\">Amat\u00f6r Foto\u011frafsever \/ Hobi<\/option>\n<option value=\"Intermediate \/ Competent\">Ciddi Amat\u00f6r \/ Yetkin<\/option>\n<option value=\"Professional\">Profesyonel Foto\u011fraf\u00e7\u0131<\/option>\n<option value=\"Photography Student\">Foto\u011fraf B\u00f6l\u00fcm\u00fc \u00d6\u011frencisi<\/option>\n<option value=\"Artist\">Foto\u011fraf Sanat\u00e7\u0131s\u0131 \/ Sanat\u00e7\u0131<\/option>\n<option value=\"Client\">Client \/ Ticari M\u00fc\u015fteri<\/option>\n\n\t<\/select>\n<\/div>\n\n\t<div id=\"mce-responses\" class=\"clear foot\">\n\t\t<div class=\"response\" id=\"mce-error-response\" style=\"display:none\"><\/div>\n\t\t<div class=\"response\" id=\"mce-success-response\" style=\"display:none\"><\/div>\n\t<\/div>    <!-- real people should not fill this in and expect good things - do not remove this or risk form bot signups-->\n    <div style=\"position: absolute; left: -5000px;\" aria-hidden=\"true\"><input type=\"text\" name=\"b_fbaf4adffe352f22294406d83_d89e7b976a\" tabindex=\"-1\" value=\"\"><\/div>\n        <div class=\"optionalParent\">\n            <div class=\"clear foot\">\n                <input type=\"submit\" value=\"Kaydol\" name=\"subscribe\" id=\"mc-embedded-subscribe\" class=\"button\">\n                <p class=\"brandingLogo\" style=\"text-align:center\"><a href=\"http:\/\/eepurl.com\/hS5aZn\" title=\"Mailchimp - email marketing made easy and fun\" target=\"_blank\" rel=\"noopener\"><img decoding=\"async\" src=\"https:\/\/eep.io\/mc-cdn-images\/template_images\/branding_logo_text_dark_dtp.svg\" alt=\"\" title=\"Enis Y\u00fccel, Photographer, Photography Tours and Photo Workshops\"><\/a><\/p>\n            <\/div>\n        <\/div>\n    <\/div>\n<\/form>\n<\/div>\n<script type=\"text\/javascript\" src=\"\/\/s3.amazonaws.com\/downloads.mailchimp.com\/js\/mc-validate.js\"><\/script><script type=\"text\/javascript\">(function($) {window.fnames = new Array(); window.ftypes = new Array();fnames[0]='EMAIL';ftypes[0]='email';fnames[1]='FNAME';ftypes[1]='text';fnames[2]='LNAME';ftypes[2]='text';fnames[18]='MMERGE18';ftypes[18]='text';fnames[17]='MMERGE17';ftypes[17]='text';fnames[5]='MMERGE5';ftypes[5]='text';fnames[6]='MMERGE6';ftypes[6]='text';fnames[8]='MMERGE8';ftypes[8]='text';fnames[9]='MMERGE9';ftypes[9]='text';fnames[10]='MMERGE10';ftypes[10]='phone';fnames[11]='MMERGE11';ftypes[11]='text';fnames[12]='MMERGE12';ftypes[12]='text';fnames[13]='MMERGE13';ftypes[13]='text';fnames[14]='MMERGE14';ftypes[14]='text';fnames[15]='MMERGE15';ftypes[15]='text';fnames[3]='MMERGE3';ftypes[3]='address';fnames[16]='MMERGE16';ftypes[16]='text';fnames[19]='MMERGE19';ftypes[19]='text';}(jQuery));var $mcj = jQuery.noConflict(true);<\/script>\n<!--End mc_embed_signup-->\t\t\t\t<\/div>\n\t\t\t\t<\/div>\n\t\t\t\t\t<\/div>\n\t\t<\/div>\n\t\t\t\t<div class=\"elementor-column elementor-col-33 elementor-top-column elementor-element elementor-element-6d270f2\" data-id=\"6d270f2\" data-element_type=\"column\">\n\t\t\t<div class=\"elementor-widget-wrap\">\n\t\t\t\t\t\t\t<\/div>\n\t\t<\/div>\n\t\t\t\t\t<\/div>\n\t\t<\/section>\n\t\t\t\t<footer class=\"elementor-section elementor-top-section elementor-element elementor-element-dd00ec5 elementor-section-boxed elementor-section-height-default elementor-section-height-default\" data-id=\"dd00ec5\" data-element_type=\"section\" data-settings=\"{&quot;background_background&quot;:&quot;classic&quot;}\">\n\t\t\t\t\t\t<div class=\"elementor-container elementor-column-gap-default\">\n\t\t\t\t\t<div class=\"elementor-column elementor-col-100 elementor-top-column elementor-element elementor-element-32f4191\" data-id=\"32f4191\" data-element_type=\"column\">\n\t\t\t<div class=\"elementor-widget-wrap elementor-element-populated\">\n\t\t\t\t\t\t<section class=\"elementor-section elementor-inner-section elementor-element elementor-element-1d7ba9e elementor-section-full_width elementor-section-content-top elementor-section-height-default elementor-section-height-default\" data-id=\"1d7ba9e\" data-element_type=\"section\">\n\t\t\t\t\t\t<div class=\"elementor-container elementor-column-gap-no\">\n\t\t\t\t\t<div class=\"elementor-column elementor-col-100 elementor-inner-column elementor-element elementor-element-e9c0418\" data-id=\"e9c0418\" data-element_type=\"column\">\n\t\t\t<div class=\"elementor-widget-wrap elementor-element-populated\">\n\t\t\t\t\t\t<div class=\"elementor-element elementor-element-dd97945 elementor-widget__width-auto elementor-invisible elementor-widget elementor-widget-image\" data-id=\"dd97945\" data-element_type=\"widget\" data-settings=\"{&quot;_animation&quot;:&quot;fadeIn&quot;}\" data-widget_type=\"image.default\">\n\t\t\t\t<div class=\"elementor-widget-container\">\n\t\t\t\t\t\t\t\t\t\t\t\t\t\t\t\t<a href=\"https:\/\/enisyucel.com\/photography\">\n\t\t\t\t\t\t\t<img decoding=\"async\" width=\"1920\" height=\"1079\" src=\"https:\/\/enisyucel.com\/photography\/wp-content\/uploads\/enislogo-photographer-blackmaroon.svg\" class=\"attachment-full size-full wp-image-11389\" alt=\"Enis Y\u00fccel Photographer, Visual Story Teller\" title=\"Enis Y\u00fccel, Photographer, Photography Tours and Photo Workshops\">\t\t\t\t\t\t\t\t<\/a>\n\t\t\t\t\t\t\t\t\t\t\t\t\t\t\t<\/div>\n\t\t\t\t<\/div>\n\t\t\t\t<div class=\"elementor-element elementor-element-a8e96d3 elementor-widget__width-inherit elementor-widget elementor-widget-text-editor\" data-id=\"a8e96d3\" data-element_type=\"widget\" data-widget_type=\"text-editor.default\">\n\t\t\t\t<div class=\"elementor-widget-container\">\n\t\t\t\t\t\t\t\t\t<p>Enis Y\u00fccel, \u00f6zellikle insani yard\u0131m ve sosyal konularda belgesel foto\u011fraf\u00e7\u0131l\u0131k yakla\u015f\u0131m\u0131 ile \u00e7al\u0131\u015fan foto\u011fraf sanat\u00e7\u0131s\u0131d\u0131r. Istanbul ve Kiev&#8217;de ikamet etmektedir. \u0130nsan\u0131, i\u00e7inde ya\u015fad\u0131\u011f\u0131 \u00e7evreyi ve \u015fartlar\u0131 yans\u0131tmay\u0131 ama\u00e7layan, bu amac\u0131; ger\u00e7eklikten kopmadan ancak ayn\u0131 zamanda insani bir yakla\u015f\u0131m ve hissiyat ile ger\u00e7ekle\u015ftirmeye \u00e7al\u0131\u015fan foto\u011fraf\u00e7\u0131.<\/p>\n\t\t\t\t\t\t\t\t<\/div>\n\t\t\t\t<\/div>\n\t\t\t\t\t<\/div>\n\t\t<\/div>\n\t\t\t\t\t<\/div>\n\t\t<\/section>\n\t\t\t\t\t<\/div>\n\t\t<\/div>\n\t\t\t\t\t<\/div>\n\t\t<\/footer>\n\t\t\t\t<\/div>\n\t\t","protected":false},"excerpt":{"rendered":"<p>Orient Exposures Mektuplar\u0131 Foto\u011fraf\u00e7\u0131l\u0131k becerilerinizi geli\u015ftirmek, foto\u011fraf\u00e7\u0131l\u0131k teknikleri, foto\u011fraf d\u00fczenleme\/foto\u011fraf i\u015fleme, ipu\u00e7lar\u0131 ve p\u00fcf noktalar\u0131 ve \u00e7ok daha fazlas\u0131 hakk\u0131nda faydal\u0131 ayr\u0131nt\u0131l\u0131 bilgiler sa\u011flayan bir\u00e7ok konuyu kapsayan ve d\u00fczenli olarak g\u00f6nderilecek Orient Expsoures Mektuplar\u0131&#8217;na kaydolun. * doldurulmas\u0131 zorunlu alanlar Eposta Adresi * \u0130sminizi giriniz Kendinizi a\u015fa\u011f\u0131dakilerden hangisi olarak ifade edersiniz&#8230; Tamamen AcemiAmat\u00f6r Foto\u011frafsever \/ HobiCiddi [&hellip;]<\/p>\n","protected":false},"author":1,"featured_media":0,"parent":0,"menu_order":200006,"comment_status":"closed","ping_status":"closed","template":"elementor_canvas","meta":{"_acf_changed":false,"footnotes":""},"badge":[],"photo_activity_type":[],"photo_tour_type":[],"workshop_locations":[],"class_list":["post-18058","page","type-page","status-publish","hentry"],"acf":[],"_links":{"self":[{"href":"https:\/\/enisyucel.com\/photography\/wp-json\/wp\/v2\/pages\/18058","targetHints":{"allow":["GET"]}}],"collection":[{"href":"https:\/\/enisyucel.com\/photography\/wp-json\/wp\/v2\/pages"}],"about":[{"href":"https:\/\/enisyucel.com\/photography\/wp-json\/wp\/v2\/types\/page"}],"author":[{"embeddable":true,"href":"https:\/\/enisyucel.com\/photography\/wp-json\/wp\/v2\/users\/1"}],"replies":[{"embeddable":true,"href":"https:\/\/enisyucel.com\/photography\/wp-json\/wp\/v2\/comments?post=18058"}],"version-history":[{"count":0,"href":"https:\/\/enisyucel.com\/photography\/wp-json\/wp\/v2\/pages\/18058\/revisions"}],"wp:attachment":[{"href":"https:\/\/enisyucel.com\/photography\/wp-json\/wp\/v2\/media?parent=18058"}],"wp:term":[{"taxonomy":"badge","embeddable":true,"href":"https:\/\/enisyucel.com\/photography\/wp-json\/wp\/v2\/badge?post=18058"},{"taxonomy":"photo_activity_type","embeddable":true,"href":"https:\/\/enisyucel.com\/photography\/wp-json\/wp\/v2\/photo_activity_type?post=18058"},{"taxonomy":"photo_tour_type","embeddable":true,"href":"https:\/\/enisyucel.com\/photography\/wp-json\/wp\/v2\/photo_tour_type?post=18058"},{"taxonomy":"workshop_locations","embeddable":true,"href":"https:\/\/enisyucel.com\/photography\/wp-json\/wp\/v2\/workshop_locations?post=18058"}],"curies":[{"name":"wp","href":"https:\/\/api.w.org\/{rel}","templated":true}]}}